*i(r) - 4*m(r). Give f(0).
7
Let x(p) = -p + 1. Let v(o) = -7*o + 3. Let n(r) = v(r) - 6*x(r). Give n(-4).
1
Let g(b) be the first derivative of -1/120*b**5 + 0*b + 0*b**2 - 2/3*b**3 - 3 - 1/24*b**4. Let i(k) be the third derivative of g(k). Calculate i(0).
-1
Let b(h) be the second derivative of h**3/3 + 3*h**2/2 - 2*h. Let v be (-5)/(60/(-4))*-15. What is b(v)?
-7
Let z(o) = o + 4. Let g be z(-8). Let i(k) = k**3 + 5*k**2 + 5*k + 1. Give i(g).
-3
Let d = 3 - 1. Let w(c) be the third derivative of c**6/60 - c**5/20 + c**4/24 + c**3/6 - 259*c**2. Determine w(d).
7
Suppose 2*y = -4*k - 4, -5*y + 4*y + k - 8 = 0. Let v(l) = l**3 + 5*l**2 - 5*l + 8. Calculate v(y).
2
Let b be (5/(-4))/(4/(-16)). Suppose g + b = -4*g. Let o(y) be the first derivative of 3*y**2 - 8. What is o(g)?
-6
Let h(x) = -2*x. Let o be h(1). Let i(u) = u**2 - u + 1. What is i(o)?
7
Let a(s) = -2*s**2 + 2. Suppose 3*r + 5*u + 4 + 12 = 0, 4*u + 6 = r. What is a(r)?
-6
Let r = -1 - -6. Let a = r + -1. Suppose a*i + 8 = 4*t, t = 7 - 3. Let v(c) = c**2 + 2. Give v(i).
6
Let w(v) = -8*v - 12. Let b be w(-1). Let z(r) = -r**2 - 5*r + 3. Calculate z(b).
7
Suppose x + 4 = 2*x - 2*b, 2*b - 8 = -2*x. Let a(m) = 1 + 2 + m**2 - m - 3*m. What is a(x)?
3
Let h(u) = -10*u + 1. Let l(w) = -w**2 - 10*w - 17. Let r be l(-8). Determine h(r).
11
Let l(p) be the second derivative of p**3/6 + p**2 - p. Determine l(-6).
-4
Let w(k) be the second derivative of -k**3/2 + k**2 + 7*k. Determine w(-3).
11
Let q be (-2 - -3)*0/3. Let l(k) be the third derivative of k**4/24 + k**3/2 - 3*k**2. Give l(q).
3
Let t(f) = -f**3 - 5*f**2 + 2. Suppose -2*i + 0*i + 2 = -2*a, 4*i - 9 = 5*a. Determine t(a).
2
Let a(h) = -10*h**2 + h. Suppose 4 = 3*t + t. What is a(t)?
-9
Let s(n) = n - 6. Let m = -1 + 7. What is s(m)?
0
Let f(g) = 110*g**3 - 7 + 10*g**2 - 2*g**2 - 109*g**3. Determine f(-8).
-7
Let z(n) = -8*n**3 - 1. Suppose -12*i - 5 = -7*i. Calculate z(i).
7
Let z = -47 - -70. Let q = z + -29. Let t(l) = -3*l. Let k(v) = -8*v. Let r(n) = 4*k(n) - 11*t(n). Calculate r(q).
-6
Let v(t) = -7*t + 2. Let s(r) be the second derivative of r**5/20 + r**4/12 - r**2/2 - 2*r. Let c be s(1). Let k(g) = -g. Let w(d) = c*v(d) - 4*k(d). Give w(3).
-7
Let d(g) = g**2 - 10*g + 8. Let i be d(9). Let l(h) = 9*h**3 + 2*h**2 - 1. Determine l(i).
-8
Let d(n) be the second derivative of n**3/2 + 3*n**2/2 - 3*n. Give d(-2).
-3
Let u(f) = -92*f - 86*f - f**3 - 1 - 2*f**2 + 182*f. Determine u(-3).
-4
Let f(o) = o. Let x(g) = -3*g - 9. Let m(r) = 6*f(r) + x(r). Calculate m(6).
9
Let o = -23 + 23. Let a(r) = -1 + o - 3 - r - 3*r. Let y = -6 + 3. Determine a(y).
8
Let o(m) = -m**3 - 12*m**2 - 12*m - 9. Let p be o(-11). Let q(l) be the third derivative of -l**6/60 + l**5/15 - l**4/12 - l**3/3 + l**2. Give q(p).
-6
Let m(y) = y**3 + y**2 + 2*y - 1. Let a be m(-2). Let z(t) = 5*t + 5. Let b(n) = -21*n - 21. Let o(h) = a*z(h) - 2*b(h). What is o(-2)?
3
Let f(s) be the second derivative of -s**5/60 + s**4/24 - 3*s**3/2 + 3*s**2/2 - 2*s. Let m(y) be the first derivative of f(y). Determine m(0).
-9
Let w(v) = -4*v + 3 - v**3 + 0*v - 2 - 5*v**2. Suppose 0*a = 5*a + 15. Determine w(a).
-5
Let t(z) = 15 - 7 + z - 4. Give t(-6).
-2
Let b(c) = c**2. Let m(h) = 5*h - 18. Let r be m(4). Determine b(r).
4
Let r(c) = 3 + 0*c - 6*c**2 - 6*c + 8*c**3 - 9*c**3. Give r(-5).
8
Let b(i) = -i**3 - i**2 - i. Let c(s) = -7*s**3 + 3*s**2 - 5*s - 8. Let u(d) = -6*b(d) + c(d). Determine u(9).
1
Let r(y) = 4*y + 1. Let m(o) = -o**2 - 13*o + 2. Let a be m(-10). Let b = a - 23. Suppose 5*i = -5*n + 30, i - b = -5*n + 1. What is r(n)?
5
Let m be -1 + 2 + (-4)/2. Let z(w) = -w**3 + 1. What is z(m)?
2
Let p(c) = -c + 5. Let s(u) be the second derivative of u**5/20 + 11*u**4/12 - 2*u**3 + 3*u**2 - 3*u. Let i be s(-12). Give p(i).
-1
Let l(j) = -j. Let q(f) = -3 + 3 - 3*f + 2*f. Let w(d) = -7*l(d) + 6*q(d). Calculate w(0).
0
Let o(i) = -i**3 + i + 1. Let h(r) = 7*r**3 - 5*r**2 - 3*r - 9. Let f(c) = -h(c) - 6*o(c). Suppose x - 1 - 3 = 0. Calculate f(x).
7
Let l = -3 - -5. Let x(m) be the first derivative of 5*m**2/2 - 2*m + 3. Give x(l).
8
Let n = -7 - -4. Let i(k) be the second derivative of k**4/6 + 2*k**3/3 + 3*k**2/2 + 13*k. Determine i(n).
9
Let v(i) = 9*i**3 - 2*i**2 + 2*i - 1. Let w be (-2 - (-5 - -3))/1. Let f(h) = h**2 + h + 1. Let s be f(w). Give v(s).
8
Let n(p) = -2*p + 5. Let b(q) = q - 2. Let w(m) = -m. Let y be w(-3). Let r(h) = y*n(h) + 8*b(h). Suppose -2*i + 1 = 3. Determine r(i).
-3
Let y = 13 + -7. Let g(w) = -18*w + 1 + y*w + 15*w + 4*w**2 + 2*w**3. Determine g(-2).
-5
Let q = 2 - 5. Let z(r) = -2*r - 4. Let o(l) be the first derivative of -3*l**2/2 - 5*l + 2. Let u(d) = 3*o(d) - 4*z(d). Calculate u(q).
4
Let v = 11 + -13. Let m(c) = 3*c**2 - 2*c**2 + 0*c**2. Determine m(v).
4
Let b(a) be the second derivative of -a**5/20 - 5*a**4/12 - a**3/2 + 7*a**2/2 - 69*a. What is b(-5)?
22
Let u(z) = -3*z + 2 + 51*z**2 - 20*z**2 - 32*z**2. Determine u(-3).
2
Let z(v) = v**3 + 6*v**2 - 4*v - 8. Let i(l) = 2*l**3 + 11*l**2 + 8*l + 9. Let w be i(-5). What is z(w)?
16
Let u = -32 + 46. Let z(h) = -h - 1. Let j(f) = 6*f + 9. Let r(n) = u*z(n) + 2*j(n). Suppose 5*y - 6*y + 4*d = -3, 0 = -4*y + 5*d + 12. Give r(y).
-2
Let g = -10 - -12. Let q(i) = g*i + 1 - i - 3 + 1. Give q(5).
4
Let u(g) be the second derivative of g**3/6 + 3*g**2/2 + 2*g. Calculate u(-6).
-3
Let g(v) = -v**3 + v**2 - 2*v + 1. Let f = -11 - 5. Let h be (-36)/f + 2/(-8). Calculate g(h).
-7
Let w(k) = -3*k**3 + 2*k**2 - 1. Suppose -5*s + 22 = -2*i, -4*i - 4*s = -4 - 8. Give w(i).
4
Let l(s) = -s - 2. Let f be 1*-10*4/(-10). Suppose 2*t - c + 6 = 0, -f*c - 16 = -0*c. What is l(t)?
3
Let t(m) = -3 - 2 + m + 1 + 5. Calculate t(0).
1
Let y be ((-15)/(-20))/(6/16). Let v(f) = 3*f**2 + 2*f - 2. Give v(y).
14
Let v(m) = 4*m**2 + 7*m - 11. Let y(d) = d**2 + 2*d - 3. Let z(i) = -2*v(i) + 9*y(i). What is z(-5)?
0
Let t(b) be the first derivative of 11*b**3/6 + b**2/2 - 4*b - 2. Let j(m) be the first derivative of t(m). Calculate j(-1).
-10
Let u be ((-2)/(-5))/(14/70). Let a(h) = -h - 1 + 3*h - u*h + h. What is a(4)?
3
Suppose -r + 16 = 3*r. Let q be ((-2)/(-3))/(r/(-6)). Let j(n) = 5*n**2 + 1. Calculate j(q).
6
Let g(l) = l**3 - 2*l**2 - l - 4. Suppose 4*n + w = -0*w - 4, -3*n - 4*w - 3 = 0. Let t be (0 + 1)*n - -4. Let d be g(t). Let h(j) = 3*j - 1. Determine h(d).
5
Suppose 0 = -10*w + 5*w + 65. Let q be (-120)/104 + 2/w. Let k(b) = -5*b - b - 3*b. Calculate k(q).
9
Let n(p) = p**3 + 3*p**2 - 4*p. Let r(c) be the first derivative of 5*c**2/2 - c - 2. Let q be r(2). Suppose 2*h = -q + 1. Calculate n(h).
0
Let x(z) = z**3 + 6*z**2 + 6*z + 6. Suppose 2*o = -t, 3*o = -t + 2*o + 1. Let s = 0 + t. Let v be (s/(-6))/((-1)/(-15)). Calculate x(v).
1
Let q(l) = -2*l - 3. Suppose k = 2*u - 4*k - 20, 3*k + 12 = 0. Suppose u = -4*i + i - 12. Calculate q(i).
5
Let c(q) = -q**3 + q**2 - 1. Let r be c(1). Let l(w) = 10*w**3 - 2*w - 1. Give l(r).
-9
Let n(t) = -t + 1. Let q(y) = -y**3 + 10*y**2 - 10*y + 3. Let u be q(9). Let c = 2 + u. Give n(c).
5
Let k(j) be the second derivative of -7*j**3/6 - 3*j**2/2 - 2*j. Calculate k(-2).
11
Suppose -18 = -2*r - 5*u + 7, 3*r - 30 = -5*u. Let y(g) = -g**2 + 3*g + 6. Give y(r).
-4
Let p(c) = 10*c**3 + c**2 + 2*c + 1. Let v(u) = u**3 + 3*u**2 - 10*u + 5. Let d be v(-5). Suppose 4*k = 2*b + 3*k + 5, -19 = 4*b - d*k. Calculate p(b).
-10
Let d be -1 + (2 - 0) + 1. Let p(m) = 2*m**2 + 0*m - m**3 + 3 - m - 4. Let u be p(d). Let s(o) = -o**3 - o**2 + 5*o + 3. Determine s(u).
6
Let u(m) be the third derivative of m**4/24 + m**3/6 + 2*m**2. Suppose 0*g = 4*g - 5*x + 3, -10 = 3*g + 4*x. What is u(g)?
-1
Let k(y) = -1 - 2 + 1 - 1 + y**2 + 2*y. Give k(-3).
0
Let i(a) = a**3 + 3*a**2 - 2*a - 1. Let x(u) = -u**3 - 11*u**2 - 9*u + 7. Let h be x(-10). Determine i(h).
5
Suppose 3*c = 5*q - c + 18, 0 = 2*q + 2*c. Let v be (-3)/((-9)/(-6)) - -2. Let y(j) = -2*j**2 - 1 - 5*j + v + j**2. What is y(q)?
5
Let f(n) = -2 - 1 + n + 5 - 5. Suppose 0 = -z - 5*h + 24 - 6, -2*h + 45 = -5*z. Let w(y) = y**3 + 7*y**2 - 2*y - 10. Let q be w(z). Calculate f(q).
1
Let w(s) be the third derivative of -s**6/24 + s**5/60 - s**4/12 + s**3/6 + s**2 - 32*s. Calculate w(1).
-5
Let j(s) = s**2 + 6*s + 7. Suppose -3*l + l = 0. Suppose 